217. Let c = x + 321. What are the prime factors of c?
2, 263
Let n(v) = 532*v**3 + 3*v**2 + 7*v + 6. Let m be n(-1). Let y = m - -1003. List the prime factors of y.
11, 43
Let w(r) = 35*r + 48. Let o(g) = -138*g - 192. Let j(a) = -4*o(a) - 15*w(a). What are the prime factors of j(11)?
3, 5, 23
Let m(k) = -4046*k + 50. List the prime factors of m(-11).
2, 3, 47, 79
What are the prime factors of (-7 + (-70)/15)*-1239?
5, 7, 59
Suppose 4*k = 5*k + 2*b - 31, -3*b = 5*k - 155. Let f = k + -14. Suppose f - 97 = -2*i. List the prime factors of i.
2, 5
What are the prime factors of (-32062)/(-12)*4 + 784/1176?
2, 167
Suppose -90379 + 28664 = -5*j. What are the prime factors of j?
12343
Suppose 2003180 - 10510394 = -257*c. What are the prime factors of c?
2, 3, 613
Suppose -108 = 4*b - 448. Suppose -3*u = -3*o - 429, 5*u - 354 = -o + 349. Let i = u - b. What are the prime factors of i?
2, 7
Suppose -5 = -x, 0 = -3*t - x + 5*x + 220. Suppose 0 = -s + 4*s - 2*s. Suppose -2*f + 3*q + 124 = 0, 2*f - f + 3*q - t = s. List the prime factors of f.
2, 17
Let z = 13 + -11. Let b(m) = -2*m - 25 + 11*m**2 + 24 + 4*m. List the prime factors of b(z).
47
Let p(q) = 3*q - 31. Let t(j) = 10*j - 29*j + 13*j - 94 + 14*j. Let x(z) = 7*p(z) - 2*t(z). What are the prime factors of x(14)?
41
Suppose -6*z + 11 = -5*z + 2*u, -2*z + u + 7 = 0. Suppose 1274 = z*m + 684. What are the prime factors of m?
2, 59
Let h(j) = -j**3 + 10*j**2 + 13*j - 22. Let w be h(11). Suppose 0 = 2*g + 2*v - 1202, 28*g - 33*g + v + 3029 = w. List the prime factors of g.
5, 11
Suppose -310157 = -8*n + 120963. What are the prime factors of n?
2, 5, 17, 317
Suppose 8773 = 5*a + 4*g - g, 2*a + 4*g = 3512. Suppose 5*t - a = -4*h, 0*t - 4*t - 2*h + 1408 = 0. Suppose t = -57*x + 59*x. What are the prime factors of x?
3, 59
Suppose -261 = 972*i - 980*i + 619. List the prime factors of i.
2, 5, 11
Suppose 0*k - 4*m + 32 = 5*k, -17 = -5*k + m. Suppose -10 = k*l - 3*l. Let i(b) = b**2 + 10. What are the prime factors of i(l)?
2, 5, 11
Let n(a) = -19*a + 20. Let v be n(8). Let q = v - -152. Suppose 27*u - 455 = q*u. List the prime factors of u.
5, 13
Let i be (-19832)/(-67) - (0 - (-6)/(-2)). List the prime factors of (8 - 1)*-1*i/(-13).
7, 23
Let j(k) = 2*k + 12. Let d be j(-5). Let i be -2 + -1 + d + 45. What are the prime factors of (-2)/11 + 2692/i + 2?
3, 7
Suppose -4*d - f + 4*f = -38611, 2*d = -2*f + 19316. List the prime factors of d.
5, 1931
Let w(o) = -o**3 - 8*o**2 - 20*o + 2. Let c(b) = -b**2 - 7*b + 114. Let u be c(8). List the prime factors of w(u).
2, 5
Suppose a - 3*a + 5*m - 15 = 0, -40 = -3*a - 5*m. Suppose 0 = -i - a + 39. What are the prime factors of (-776)/(-9) - (i/(-9) - -4)?
2, 43
Suppose 2*u - 16*y = -15*y + 946, -u - 4*y + 482 = 0. List the prime factors of u.
2, 3, 79
Let t(s) = -s**2 - 14*s - 13. Let u be t(-9). Suppose 0 = 41*q - u*q - 1980. List the prime factors of q.
2, 5, 11
Let z = -104 + 128. Suppose -23*m + z*m = 249. List the prime factors of m.
3, 83
Let z(t) = 4*t**3 + 124*t**2 - 32*t - 48. What are the prime factors of z(-23)?
2, 3, 367
Suppose -39*s - 640 = -47*s. Suppose -m + 880 - s = 0. List the prime factors of m.
2, 5
What are the prime factors of 5005 - 141/94*22/3?
2, 11, 227
Let c(p) = p**3 - 4*p**2 - p + 3. Suppose -26 = -5*s + 2*u, 2*s - 15 = -s + u. Let w be c(s). List the prime factors of (2 - w/(-2))*14.
3, 7
Suppose -14*v - 24*v = -434852 - 24036. What are the prime factors of v?
2, 3019
Let d be -2*1/5*16080/(-96). Suppose -44*o + d*o = 32660. What are the prime factors of o?
2, 5, 71
Suppose -58 = 3*d - 5*d. Suppose 2*s - 8*q = -9*q + 30, 0 = s - 3*q - d. Let a(t) = 8*t + 25. List the prime factors of a(s).
7, 23
What are the prime factors of (-1 - -9) + (-76808)/(-32)*(-7 - -11)?
3, 3203
Let z be (-24)/64*-2*6844. Suppose z = 13*v - 14354. What are the prime factors of v?
1499
Suppose -15243 = -27*n - 65625. What are the prime factors of (2 - 14)/(3744/n + 2)?
2, 3, 311
Let m be ((-4)/5)/((-665)/75 - -9). List the prime factors of (1/2)/(m*5/(-11460)).
191
Let d(w) = 1 + 11 + 245*w - 11. Let u be d(1). Suppose -5*g = -149 - u. List the prime factors of g.
79
Let c be ((-140)/(-30))/(((-12)/153)/(-2)). Suppose 70 = c*s - 114*s. List the prime factors of s.
2, 7
Let o(n) = n**3 + 5*n**2 - 2*n - 8. Let v be o(-5). Suppose 0 = 7*i + v*i - 13500. What are the prime factors of i?
2, 3, 5
Let i be (1*(-9)/6)/((-9)/84). Let p = -9 + i. Suppose -3*f = -p*f + 370. What are the prime factors of f?
5, 37
Suppose -5*n - 39 = -4*i + 42, 4*n - 8 = -2*i. Let g be i/21 - (-2374)/3. Suppose -5*k = 3*k - g. What are the prime factors of k?
3, 11
What are the prime factors of 2*4*(-9)/(-792) - (-250821)/11?
2, 13, 877
Let i be (-16)/(-32) - 3/(-2). Suppose -1326 = -11*o - i*o. Let d = -13 + o. What are the prime factors of d?
89
List the prime factors of -8 - (52584/(-4) - 15).
7, 1879
Suppose 0 = -5*k - n + 5, 5*k + n - 20 = -3*n. Let y(c) = 6*c**2 + c - 1. Let o be y(k). What are the prime factors of o/(-1)*(4 + 264)?
2, 67
Let b(p) = 51*p**2 - 19*p**2 + 0*p**3 - 19*p**2 - 17*p**2 - 7 + p + 3*p**3. List the prime factors of b(7).
7, 17
Let q be (-123625)/23 - (-2 + -5). List the prime factors of ((-22)/4)/(44/q).
11, 61
Suppose -4*d + 8*l - 1123 = 5*l, -3*l + 843 = -3*d. What are the prime factors of (84/(-10))/(16/d)?
3, 7
Let c = -16705 - -18219. What are the prime factors of c?
2, 757
Suppose 5*c - 2*u - 21527 = 0, -5*c + 6*u = 11*u - 21555. What are the prime factors of c?
59, 73
Let r = -1 + 2. Suppose 13*z - 23*z = -880. List the prime factors of 1/((r/z)/1).
2, 11
Suppose -7*y = -0*y - 595. Suppose y - 45 = 5*f. List the prime factors of 828/f*(-2)/(-3).
3, 23
Suppose 5*a + 58 - 723 = 0. Let h = -524 - -452. Let l = a + h. List the prime factors of l.
61
Let r be ((18144/(-40))/6)/(6/(-80)). Suppose -5*i - 309 = -2*s + 177, -i - r = -4*s. List the prime factors of s.
11, 23
Let v(m) = 3*m + 8. Let z be v(-4). Let r be ((-106)/3 - z)/((-2)/45). Suppose 0 = -7*y + r + 450. What are the prime factors of y?
3, 5, 11
Let b = 15091 + -10432. List the prime factors of b.
3, 1553
Let j(d) = -3*d - 30. Let w be j(-10). Let k(i) = -2*i**3 + i**2 + 2*i + 132. What are the prime factors of k(w)?
2, 3, 11
What are the prime factors of 26/(0 + 8 + (-34424)/4304)?
2, 13, 269
Let s(l) = l**3 + l**2 - 2*l - 20. Let w be s(6). Suppose 13*x - 12*x - w = 0. What are the prime factors of x?
2, 5, 11
Suppose -4*b + 2*i + 104620 = 0, -3*b - 24149 = -i - 102615. List the prime factors of b.
2, 13, 503
Let w be 68/442 - 238/26. Let b(v) be the third derivative of v**6/120 + v**5/6 - v**4/6 - 5*v**3/6 + 2*v**2. What are the prime factors of b(w)?
2, 7
Let r = 143 - 150. What are the prime factors of (-4)/(-8)*-757*(r - -5)?
757
Let z(y) = y**3 - 14*y**2 - 74*y + 40. Let i be z(18). Suppose i*t = w - 6*w + 6975, t + 1395 = w. List the prime factors of w.
3, 5, 31
Let v(c) = c**3 + 43*c**2 - 112*c + 74. List the prime factors of v(-34).
2, 3, 2381
Suppose -4*t - a = -751807, 3*t + 5*a = 6*t - 563861. List the prime factors of (-2)/(-5) + t/170.
2, 7, 79
Let r(u) = -2 + 590*u**3 - 592*u**3 + 20 + 11 - 7*u**2 + 9*u. List the prime factors of r(-5).
59
Let q be -6 - (32/(-12) - (-1)/(-3)). Let w be -3*24/18*q/4. List the prime factors of w*8/(-30) + (-849)/(-5).
13
Let p(o) = -3*o - 5. Let j be p(-3). Suppose 0*k + v - 62 = -3*k, j*k - 81 = -3*v. List the prime factors of (k/(-14))/((-1)/58).
3, 29
Let t(h) be the first derivative of -h**4/4 + 8*h**3/3 - 4*h**2 + 8*h - 9. Let g be t(7). Suppose -2*v + 135 = g. List the prime factors of v.
67
Let v(d) = -d**2 - 11*d - 6. Let r be v(-10). Suppose -r*i + 3075 = 1063. What are the prime factors of i?
503
Let q = 34 - 30. Suppose 27 = q*v - 5*a, v - a - 3 = a. Suppose 2*t + 957 = v*t. What are the prime factors of t?
3, 29
What are the prime factors of (((-7420)/49)/5)/(18/(-2709))?
2, 43, 53
Let v = 689 + -687. Suppose 3*t = 6*t + 3*y - 4278, 0 = -t + v*y + 1438. List the prime factors of t.
2, 5, 11, 13
Let c(z) be the third derivative of z**4/24 - 3*z**3 + 34*z**2. Let h be c(9). List the prime factors of (126/4)/(h/(-54)).
3, 7
Suppose 0 = 4*c - c - 105. Let t be 4011/c - (-1 - 8/(-5)). What are the prime factors of ((-10)/10)/((-1)/t)?
2,